Jeśli jesteś właścicielem tej strony, możesz wyłączyć reklamę poniżej zmieniając pakiet na PRO lub VIP w panelu naszego hostingu już od 4zł!
Strony WWWSerwery VPSDomenyHostingDarmowy Hosting CBA.pl

NOAA-Style Climate Reports

Select a Year or Month report
2018: sty lut mar kwi maj cze lip sie wrz paY lis gru
2017: sty lut mar kwi maj cze lip sie wrz paY lis gru
2016: sty lut mar kwi maj cze lip sie wrz paY lis gru
2015: sty lut mar kwi maj cze lip sie wrz paY lis gru
2014: sty lut mar kwi maj cze lip sie wrz paY lis gru
2013: sty lut mar kwi maj cze lip sie wrz paY lis gru
2012: sty lut mar kwi maj cze lip sie wrz paY lis gru

Raport dla 2018 czerwiec
                   Monthly Climatological Summary for cze 2018

Name: Œlesin k. Konina   City: Œlesin   State: Poland
Elevation: 81 m  Lat: N 52° 21' 26"   Lon: E 018° 18' 35"

                  Temperature (°C), Rain (mm), Wind Speed (km/h)

                                      Heat  Cool        Avg
    Mean                              Deg   Deg         Wind                 Dom
Day Temp  High   Time   Low    Time   Days  Days  Rain  Speed High   Time    Dir
----------------------------------------------------------------------------------
 1  22.3  30.7   12:08  16.5   04:39   3.7  17.3  12.9   5.0  29.5   18:52   SSE
 2  21.3  27.2   14:56  17.5   05:12   3.9  16.4   4.1   4.8  19.4   15:58     W
 3  21.9  26.9   14:27  17.3   04:53   3.5  16.9   0.0   6.9  25.6   17:04     W
 4  22.3  28.0   15:20  15.4   04:48   3.4  17.3   0.0   5.6  23.4   12:30   WNW
 5  19.9  25.0   15:00  12.1   23:55   5.1  14.9   0.0   6.6  25.6   17:57   NNW
 6  13.5  18.5   15:37   6.9   04:45  11.5   8.5   0.0   8.7  30.6   11:12   ESE
 7  16.4  23.0   15:58   7.8   04:38   8.6  11.4   0.0   8.5  31.7   14:23    SE
 8  20.7  28.2   14:54  10.9   04:56   5.2  15.7   0.0   3.5  17.3   11:50   SSE
 9  22.5  28.9   15:30  13.9   04:52   3.7  17.5   0.0   4.5  33.1   12:10   ESE
10  23.1  28.9   14:26  15.8   04:44   3.1  18.1   3.1   3.3  39.2   22:11     W
11  20.7  24.4   16:16  18.1   23:59   4.4  15.8   4.8   6.6  24.5   13:46   WNW
12  19.0  23.4   15:46  14.5   23:49   6.0  14.0   0.0   6.3  25.6   12:20    NW
13  17.4  20.3   11:26  11.8   04:46   7.6  12.4   0.0   4.2  15.8   08:30   WNW
14  18.6  23.5   16:51  14.1   04:15   6.4  13.6   0.0   5.7  18.4   08:44    NW
15  18.7  25.3   15:03  13.5   05:08   4.4   9.5   0.0   3.9  15.8   14:39    NW
16  20.8  27.2   16:28  12.2   04:11   4.6  16.0   0.0   1.9  14.8   11:32   NNE
17  22.7  29.9   14:19  13.9   04:48   3.6  17.7   0.0   3.4  17.3   23:20   SSW
18  21.3  25.3   15:00  16.8   04:18   3.7  16.3   0.0   5.6  23.4   15:53   NNW
19  21.3  25.7   12:35  16.5   04:47   3.7  16.3   0.0   8.9  34.2   13:21     W
20  21.8  27.5   15:17  14.8   03:16   3.8  16.8   0.0   6.4  29.5   11:57     W
21  21.9  31.2   15:47  14.1   23:00   4.6  17.1   1.0  11.6  55.1   16:56     W
22  14.2  18.8   11:15  10.5   05:31  11.0   9.3   0.0  15.9  41.8   11:05     W
23  13.2  16.3   16:59  10.4   05:02  11.8   8.2   2.7  10.1  24.5   00:26     W
----------------------------------------------------------------------------------
    19.8  31.2    21     6.9     6   127.3 337.0  28.6   6.4  55.1    21       W

Max >=  25.0: 15
Max <=  15.0:  0
Min <=   0.0:  0
Min <= -15.0:  0
Max Rain: 12.9 on day 1
Days of Rain: 6 (>= 0.2 mm)  5 (>= 2.0 mm)  0 (>= 20.0 mm)
Heat Base: 25.0  Cool Base: 5.0  Method: Integration