Jeśli jesteś właścicielem tej strony, możesz wyłączyć reklamę poniżej zmieniając pakiet na PRO lub VIP w panelu naszego hostingu już od 4zł!
Strony WWWSerwery VPSDomenyHostingDarmowy Hosting CBA.pl

NOAA-Style Climate Reports

Select a Year or Month report
2018: sty lut mar kwi maj cze lip sie wrz paY lis gru
2017: sty lut mar kwi maj cze lip sie wrz paY lis gru
2016: sty lut mar kwi maj cze lip sie wrz paY lis gru
2015: sty lut mar kwi maj cze lip sie wrz paY lis gru
2014: sty lut mar kwi maj cze lip sie wrz paY lis gru
2013: sty lut mar kwi maj cze lip sie wrz paY lis gru
2012: sty lut mar kwi maj cze lip sie wrz paY lis gru

Raport dla 2018 luty
                   Monthly Climatological Summary for lut 2018

Name: Œlesin k. Konina   City: Œlesin   State: Poland
Elevation: 81 ft  Lat: N 52° 21' 26"   Lon: E 018° 18' 35"

                  Temperature (°C), Rain (mm), Wind Speed (km/h)

                                      Heat  Cool        Avg
    Mean                              Deg   Deg         Wind                 Dom
Day Temp  High   Time   Low    Time   Days  Days  Rain  Speed High   Time    Dir
----------------------------------------------------------------------------------
 1   4.6   5.9   06:27   2.4   20:12  20.3   0.3   1.4   7.1  25.6   02:31   WSW
 2   2.1   5.7   13:08  -0.8   22:07  22.9   0.1   0.0   3.7  18.4   13:15   WSW
 3   1.9   5.2   10:54  -0.2   00:00  23.1   0.0   0.0   2.5  15.8   09:50   SSW
 4   1.0   2.7   12:59  -1.7   23:14  24.0   0.0   0.0   5.7  19.4   19:26     E
 5  -1.5  -0.1   00:58  -3.3   07:37  26.5   0.0   0.0   7.5  23.4   03:41   NNE
 6  -3.1  -0.1   15:38  -5.2   21:09  28.1   0.0   0.0   5.5  23.4   12:51     W
 7  -2.8   0.7   14:11  -5.6   07:25  27.8   0.0   0.0   7.0  15.8   03:52   ESE
 8  -2.9   0.6   14:17  -5.8   23:55  27.9   0.0   0.0   5.1  17.3   13:36   NNE
 9  -4.5  -3.0   18:43  -7.3   04:10  29.5   0.0   0.0   6.0  19.4   16:51    SE
10  -3.6  -1.5   12:22  -6.0   20:52  28.6   0.0   0.0   2.9  13.3   00:35     S
11  -1.0   3.1   13:34  -5.1   00:00  23.6   6.2   0.0   7.5  22.0   11:45   SSE
12   3.2   5.5   14:01  -1.8   22:52  12.9   0.4   0.0  ----  24.5   13:04     W
13   1.8   3.5   15:54  -2.6   07:33  25.3   2.1   0.0  ----  13.3   08:38   WSW
14  -0.4   0.9   14:24  -2.6   00:09  25.4   0.0   0.0  ----  18.4   12:11   NNE
15  -0.5   1.1   12:26  -1.8   18:44  25.5   0.0   0.0  ----  25.6   17:17   SSE
16   1.9   5.2   14:45  -1.5   00:00  23.1   0.0   0.0  ----  34.2   13:32     W
17   2.0   4.4   13:14   0.8   00:57  22.9   0.0   0.0  ----  30.6   02:28   WNW
18   1.2   2.3   10:38  -0.5   07:28  23.8   0.0   0.0  ----  17.3   02:51   NNW
19   1.5   5.5   13:25  -1.2   23:40  23.5   0.0   0.0  ----  15.8   21:21   SSE
20  -0.3   3.6   15:26  -3.2   06:11  25.3   0.0   0.0  ----  42.8   11:32   ESE
21  -1.1   2.2   14:21  -3.2   23:10  26.1   0.0   0.0  ----  19.4   09:47   ENE
22  -2.7   0.9   11:57  -6.3   23:14  27.7   0.0   0.0  ----  20.9   19:34     E
23  -4.6  -1.9   11:42  -7.4   22:04  29.6   0.0   0.0  ----  22.0   08:33     E
----------------------------------------------------------------------------------
    -0.3   5.9     1    -7.4    23   573.4   9.1   1.4   5.5  42.8    20     SSE

Max >=  25.0:  0
Max <=  15.0: 23
Min <=   0.0: 21
Min <= -15.0:  0
Max Rain: 1.4 on day 1
Days of Rain: 1 (>= 0.2 mm)  0 (>= 2.0 mm)  0 (>= 20.0 mm)
Heat Base: 25.0  Cool Base: 5.0  Method: Integration