Jeśli jesteś właścicielem tej strony, możesz wyłączyć reklamę poniżej zmieniając pakiet na PRO lub VIP w panelu naszego hostingu już od 4zł!
Strony WWWSerwery VPSDomenyHostingDarmowy Hosting CBA.pl

NOAA-Style Climate Reports

Select a Year or Month report
2018: sty lut mar kwi maj cze lip sie wrz paY lis gru
2017: sty lut mar kwi maj cze lip sie wrz paY lis gru
2016: sty lut mar kwi maj cze lip sie wrz paY lis gru
2015: sty lut mar kwi maj cze lip sie wrz paY lis gru
2014: sty lut mar kwi maj cze lip sie wrz paY lis gru
2013: sty lut mar kwi maj cze lip sie wrz paY lis gru
2012: sty lut mar kwi maj cze lip sie wrz paY lis gru

Raport dla 2018 kwiecień
                   Monthly Climatological Summary for kwi 2018

Name: Œlesin k. Konina   City: Œlesin   State: Poland
Elevation: 81 ft  Lat: N 52° 21' 26"   Lon: E 018° 18' 35"

                  Temperature (°C), Rain (mm), Wind Speed (km/h)

                                      Heat  Cool        Avg
    Mean                              Deg   Deg         Wind                 Dom
Day Temp  High   Time   Low    Time   Days  Days  Rain  Speed High   Time    Dir
----------------------------------------------------------------------------------
 1   4.9   8.6   00:00   2.8   22:58  20.0   0.8   1.4  23.5  51.5   23:49   WNW
 2   4.3   9.3   15:42   0.8   23:57  20.5   1.0   0.0  17.9  47.9   03:06   WNW
 3   7.5  16.5   16:05   0.5   00:30  17.5   3.8   0.0   5.2  25.6   16:27    NW
 4  13.0  22.6   15:12   5.0   04:45  12.0   8.0   0.0   1.0  11.2   09:00   SSW
 5  13.4  18.5   14:16   9.5   01:12  11.6   8.4   0.0  15.0  39.2   20:44     W
 6   8.2  12.3   16:27   1.9   23:51  16.8   3.4   0.0  12.7  33.1   14:08   WNW
 7   9.2  17.6   16:35  -0.5   03:06  15.8   5.6   0.0  11.4  40.3   14:15   SSE
 8  14.8  23.1   14:48   5.3   05:17  10.1   9.7   0.0   7.2  37.8   15:42   ENE
 9  15.4  21.3   16:02   8.8   05:47   9.6  10.4   0.0   0.0   1.1   09:31    NW
10  16.4  24.8   15:55   8.5   02:30   8.6  11.4   2.0   0.0   0.0   00:00   ---
11  13.6  18.7   14:03   9.8   23:36  11.4   8.6   1.4   0.0   1.1   09:03     E
12  14.4  20.7   16:28   6.6   02:38  10.6   9.4   0.0   0.0   5.0   02:38    SE
13  15.9  23.7   16:09  11.6   06:11   9.0  10.9   7.1   1.6  22.0   18:09   SSE
14  14.8  25.4   15:41   8.6   05:01  10.7  10.4   0.0   9.1  36.7   12:40   WSW
15  16.0  23.3   15:07   7.7   05:24   9.0  11.0   0.0   6.7  36.7   12:24   SSE
16  16.4  20.9   12:57  13.1   06:30   8.6  11.4   5.4   2.6  17.3   12:18    SW
17  14.1  18.9   15:24  10.7   23:06  10.9   9.1   0.0  11.7  30.6   01:10    NW
18  13.8  19.9   17:20   6.8   05:25  11.2   8.8   0.0   4.2  23.4   15:36    NW
19  16.7  22.6   17:11  10.9   05:08   8.3  11.7   0.0   8.0  29.5   17:38   NNW
20  16.0  23.3   16:53   6.2   05:49   9.0  11.0   0.0   4.0  17.3   15:47    SW
21  17.7  23.1   13:33  10.8   23:55   6.9  11.9   0.0  11.1  34.2   16:33    NW
22  13.2  19.5   15:55   6.9   04:30  11.9   8.3   0.0   4.4  19.4   10:45   WNW
23  14.7  23.4   14:53   6.8   02:58  10.3   9.7   0.0   7.2  29.5   14:56   WSW
----------------------------------------------------------------------------------
    13.2  25.4    14    -0.5     7   270.3 194.7  17.3   7.1  51.5     1     WNW

Max >=  25.0:  1
Max <=  15.0:  3
Min <=   0.0:  1
Min <= -15.0:  0
Max Rain: 7.1 on day 13
Days of Rain: 5 (>= 0.2 mm)  3 (>= 2.0 mm)  0 (>= 20.0 mm)
Heat Base: 25.0  Cool Base: 5.0  Method: Integration